ple of 15?
True
Does 49 divide 5485?
False
Is 4 a factor of 609?
False
Does 10 divide 226?
False
Is 780 a multiple of 30?
True
Is 140 a factor of 40807?
False
Does 25 divide 18938?
False
Is 2 a factor of 94?
True
Is 129 a factor of 1835?
False
Does 51 divide 2703?
True
Is 1023 a multiple of 10?
False
Is 10 a factor of 245?
False
Is 23 a factor of 11840?
False
Is 112 a multiple of 16?
True
Is 95 a factor of 1235?
True
Is 54 a factor of 9990?
True
Does 8 divide 376?
True
Does 57 divide 3427?
False
Does 2 divide 35?
False
Does 8 divide 56?
True
Does 15 divide 345?
True
Does 11 divide 737?
True
Is 4311 a multiple of 174?
False
Does 77 divide 847?
True
Does 10 divide 481?
False
Does 53 divide 582?
False
Is 46 a factor of 12612?
False
Does 17 divide 191?
False
Does 225 divide 119250?
True
Does 84 divide 2515?
False
Is 396 a multiple of 11?
True
Does 2 divide 1802?
True
Does 44 divide 1276?
True
Does 73 divide 1679?
True
Is 14 a factor of 112?
True
Is 3843 a multiple of 7?
True
Is 8512 a multiple of 16?
True
Is 3 a factor of 621?
True
Is 11 a factor of 1958?
True
Is 21 a factor of 125816?
False
Is 19608 a multiple of 57?
True
Is 54 a factor of 3457?
False
Does 21 divide 7350?
True
Is 29 a factor of 172?
False
Is 24 a factor of 11328?
True
Does 9 divide 6102?
True
Is 920 a multiple of 22?
False
Is 90563 a multiple of 15?
False
Is 13 a factor of 832?
True
Is 2742 a multiple of 22?
False
Is 41 a factor of 24813?
False
Is 31 a factor of 333?
False
Is 6578 a multiple of 26?
True
Does 89 divide 3219?
False
Does 19 divide 231?
False
Is 20727 a multiple of 47?
True
Does 111 divide 3224?
False
Is 56 a factor of 1792?
True
Is 16 a factor of 14160?
True
Is 12 a factor of 295?
False
Does 99 divide 214?
False
Is 2 a factor of 1481?
False
Is 160 a multiple of 10?
True
Is 3648 a multiple of 8?
True
Is 517 a multiple of 44?
False
Does 19 divide 342?
True
Is 122 a factor of 4798?
False
Does 5 divide 593?
False
Does 28 divide 69543?
False
Is 7225 a multiple of 17?
True
Does 12 divide 3036?
True
Is 24664 a multiple of 155?
False
Is 1404 a multiple of 54?
True
Is 50 a factor of 63048?
False
Is 6 a factor of 990?
True
Does 16 divide 832?
True
Is 42868 a multiple of 12?
False
Does 104 divide 3617?
False
Is 14449 a multiple of 62?
False
Is 13999 a multiple of 57?
False
Does 38 divide 2660?
True
Is 9 a factor of 931?
False
Is 150 a multiple of 7?
False
Is 1031 a multiple of 4?
False
Does 19 divide 209?
True
Does 8 divide 288?
True
Is 12 a factor of 1044?
True
Is 17 a factor of 28577?
True
Is 2245 a multiple of 16?
False
Does 72 divide 15336?
True
Does 23 divide 330?
False
Does 64 divide 75874?
False
Is 49185 a multiple of 50?
False
Does 45 divide 2070?
True
Does 19 divide 6187?
False
Is 61 a factor of 1220?
True
Is 38 a factor of 532?
True
Is 2 a factor of 112?
True
Does 33 divide 54816?
False
Does 151 divide 2673?
False
Is 15 a factor of 6255?
True
Does 55 divide 1045?
True
Does 59 divide 4189?
True
Does 13 divide 169?
True
Is 8 a factor of 1384?
True
Does 136 divide 132502?
False
Is 2061 a multiple of 56?
False
Is 13 a factor of 7204?
False
Is 19 a factor of 1501?
True
Is 4 a factor of 43509?
False
Is 19 a multiple of 4?
False
Is 64 a factor of 11904?
True
Is 7 a factor of 70366?
False
Does 35 divide 14247?
False
Does 121 divide 4719?
True
Does 105 divide 7352?
False
Is 13875 a multiple of 125?
True
Does 73 divide 4161?
True
Does 172 divide 77412?
False
Does 5 divide 159?
False
Is 12666 a multiple of 6?
True
Is 423 a multiple of 72?
False
Is 26 a factor of 282?
False
Does 10 divide 40?
True
Is 174 a factor of 39026?
False
Is 1704 a multiple of 4?
True
Does 5 divide 598?
False
Does 117 divide 13272?
False
Does 103 divide 746?
False
Is 9 a factor of 8402?
False
Is 729 a multiple of 27?
True
Is 3024 a multiple of 42?
True
Is 48 a factor of 7096?
False
Does 27 divide 459?
True
Is 7917 a multiple of 87?
True
Does 41 divide 82?
True
Is 47765 a multiple of 14?
False
Is 50611 a multiple of 43?
True
Does 16 divide 50434?
False
Is 2006 a multiple of 4?
False
Is 21 a factor of 651?
True
Is 94 a factor of 2864?
False
Does 5 divide 35465?
True
Is 24 a multiple of 6?
True
Is 6 a factor of 1066?
False
Is 7074 a multiple of 21?
False
Does 3 divide 707?
False
Is 747 a multiple of 9?
True
Is 5 a factor of 25?
True
Is 2711 a multiple of 72?
False
Is 33 a factor of 1320?
True
Is 1660 a multiple of 83?
True
Is 14 a factor of 1456?
True
Does 11 divide 5993?
False
Is 612 a multiple of 9?
True
Is 88 a factor of 12281?
False
Does 7 divide 12?
False
Is 23 a factor of 29394?
True
Is 7686 a multiple of 107?
False
Does 54 divide 1134?
True
Is 10 a factor of 1993?
False
Does 3 divide 933?
True
Is 2 a factor of 116?
True
Is 5947 a multiple of 41?
False
Is 35 a factor of 5460?
True
Is 13 a factor of 15613?
True
Is 4347 a multiple of 18?
False
Is 38493 a multiple of 21?
True
Is 14 a factor of 1234?
False
Is 3 a factor of 73?
False
Is 4324 a multiple of 46?
True
Is 7 a factor of 16?
False
Does 54 divide 2502?
False
Is 4 a factor of 16474?
False
Is 2 a factor of 2459?
False
Is 2132 a multiple of 24?
False
Is 68 a factor of 96902?
False
Is 796 a multiple of 4?
True
Is 18 a factor of 2447?
False
Does 10 divide 910?
True
Is 5145 a multiple of 32?
False
Does 21 divide 37207?
False
Is 30 a factor of 3900?
True
Is 3 a factor of 24?
True
Does 78 divide 11676?
False
Does 11 divide 16915?
False
Is 2376 a multiple of 24?
True
Is 16874 a multiple of 137?
False
Is 1891 a multiple of 61?
True
Is 4578 a multiple of 6?
True
Is 576 a multiple of 38?
False
Is 79 a factor of 2133?
True
Is 12 a factor of 742?
False
Is 89096 a multiple of 155?
False
Is 10400 a multiple of 10?
True
Does 119 divide 6902?
True
Is 22308 a multiple of 143?
True
Is 61211 a multiple of 35?
False
Is 1853 a multiple of 17?
True
Does 4 divide 190?
False
Is 9856 a multiple of 154?
True
Is 282 a multiple of 53?
False
Is 12350 a multiple of 26?
True
Is 3 a factor of 437?
False
Does 261 divide 39933?
True
Is 13 a factor of 12974?
True
Does 122 divide 2198?
False
Is 956 a multiple of 12?
False
Does 13 divide 25962?
False
Is 17864 a multiple of 11?
True
Is 35 a factor of 11655?
True
Is 1314 a multiple of 23?
False
Does 28 divide 1232?
True
Is 182 a factor of 32197?
False
Is 23 a factor of 6808?
True
Is 171 a factor of 9747?
True
Does 59 divide 3998?
False
Is 2412 a multiple of 83?
False
Is 132660 a multiple of 201?
True
Does 41 divide 246?
True
Is 2828 a multiple of 14?
True
Does 43 divide 80?
False
Is 849 a multiple of 23?
False
Is 4858 a multiple of 21?
False
Is 14 a factor of 16548?
True
Does 27 divide 2835?
True
Is 3113 a multiple of 34?
False
Does 76 divide 4142?
False
Does 8 divide 184?
True
Does 92 divide 5612?
True
Does 66 divide 1036?
False
Does 31 divide 465?
True
Is 43 a factor of 851?
False
Does 129 divide 16117?
False
Is 62 a factor of 744?
True
Does 154 divide 11482?
False
Is 29 a factor of 9682?
False
Is 3888 a multiple of 81?
True
Is 59 a multiple of 3?
False
Does 27 divide 10476?
True
Is 9250 a multiple of 140?
False
Is 6 a factor of 764?
False
Is 7758 a multiple of 6?
True
Is 1020 a multiple of 34?
True
Does 8 divide 496?
True
Is 2574 a multiple of 11?
True
Is 7392 a multiple of 21?
True
Does 11 divide 2431?
True
Is 32 a factor of 1184?
True
Is 205 a factor of 43255?
True
Is 14 a factor of 742?
True
Is 1701 a multiple of 9?
True
Is 65 a factor of 11700?
True
Is 12 a factor of 660?
True
Does 51 divide 17470?
False
Is 49616 a multiple of 112?
True
Is 4140 a multiple of 15?
True
Is 26 a factor of 3016?
True
Is 12740 a multiple of 182?
True
Does 11 divide 352?
True
Does 46 divide 5842?
True
Is 3111 a multiple of 17?
True
Is 7099 a multiple of 2?
False
Is 41 a factor of 3813?
True
Is 36 a factor of 720?
True
Does 40 divide 7760?
True
Does 67 divide 22244?
True
Does 3 divide 95?
False
Does 38 divide 722?
True
Does 81 divide 8424?
True
Is 10368 a multiple of 48?
True
Is 22329 a multiple of 9?
True
Is 120 a factor of 3316?
False
Is 6 a factor of 4416?
True
Does 21 divide 2726?
False
Does 21 divide 44348?
False
Is 97 even?
False
Is 9 a factor of 1318?
False
Is 4 a factor of 224?
True
Does 11 divide 1320?
True
Is 35435 a multiple of 12?
False
Is 5 a factor of 120?
True
Is 925 a multiple of 151?
False
Is 50 a factor of 21450?
True
Is 26 a factor 